rs of 824044.
2, 13, 23, 53
List the prime factors of 2208354.
2, 3, 368059
What are the prime factors of 329557?
329557
What are the prime factors of 544122?
2, 3, 19, 37, 43
List the prime factors of 1314747.
3, 7, 41, 509
What are the prime factors of 296659?
11, 149, 181
What are the prime factors of 1689073?
137, 12329
What are the prime factors of 665346?
2, 3, 11, 17, 593
List the prime factors of 94085.
5, 31, 607
List the prime factors of 270401.
317, 853
What are the prime factors of 118111?
7, 47, 359
What are the prime factors of 2044107?
3, 13, 17471
What are the prime factors of 150528?
2, 3, 7
What are the prime factors of 396110?
2, 5, 11, 13, 277
What are the prime factors of 3027178?
2, 7, 11, 1787
What are the prime factors of 3255061?
19, 67, 2557
What are the prime factors of 10247534?
2, 11, 465797
List the prime factors of 130787.
130787
List the prime factors of 354036.
2, 3, 163, 181
What are the prime factors of 347630?
2, 5, 34763
What are the prime factors of 430255?
5, 7, 19, 647
List the prime factors of 4648188.
2, 3, 509, 761
What are the prime factors of 4623033?
3, 179, 8609
What are the prime factors of 1593845?
5, 11, 28979
What are the prime factors of 7818439?
167, 46817
List the prime factors of 6756854.
2, 13, 17, 15287
What are the prime factors of 815792?
2, 67, 761
What are the prime factors of 142614?
2, 3, 19, 139
What are the prime factors of 3845753?
3845753
List the prime factors of 165798.
2, 3, 61, 151
What are the prime factors of 3469594?
2, 1734797
What are the prime factors of 34333?
13, 19, 139
What are the prime factors of 24524284?
2, 167, 36713
List the prime factors of 2535751.
2535751
List the prime factors of 5791534.
2, 7, 413681
What are the prime factors of 117613?
337, 349
What are the prime factors of 1574420?
2, 5, 78721
List the prime factors of 2845483.
313, 9091
List the prime factors of 259291.
383, 677
What are the prime factors of 145118?
2, 72559
What are the prime factors of 1896194?
2, 29, 32693
What are the prime factors of 249173?
67, 3719
What are the prime factors of 21381156?
2, 3, 19, 31259
What are the prime factors of 3091198?
2, 11, 71, 1979
What are the prime factors of 4660021?
401, 11621
List the prime factors of 40081289.
43, 151, 6173
What are the prime factors of 1482525?
3, 5, 11, 599
List the prime factors of 11857.
71, 167
What are the prime factors of 2508849?
3, 7, 5689
What are the prime factors of 6669958?
2, 47, 70957
What are the prime factors of 30834394?
2, 37, 269, 1549
What are the prime factors of 513814?
2, 7, 107
What are the prime factors of 136861?
136861
What are the prime factors of 15586?
2, 7793
List the prime factors of 287293.
23, 12491
List the prime factors of 145841.
29, 47, 107
List the prime factors of 89501.
89501
What are the prime factors of 875110?
2, 5, 87511
What are the prime factors of 2549602?
2, 11, 115891
List the prime factors of 11876681.
11876681
What are the prime factors of 446623?
83, 5381
What are the prime factors of 719765?
5, 143953
List the prime factors of 281580.
2, 3, 5, 13, 19
List the prime factors of 1281350.
2, 5, 7, 523
What are the prime factors of 1218814?
2, 609407
What are the prime factors of 372680?
2, 5, 7, 11
What are the prime factors of 884817?
3, 32771
List the prime factors of 1524750.
2, 3, 5, 19, 107
List the prime factors of 12469659.
3, 71, 58543
What are the prime factors of 7118719?
7118719
List the prime factors of 184819.
421, 439
List the prime factors of 468910.
2, 5, 13, 3607
What are the prime factors of 1653429?
3, 551143
List the prime factors of 483036.
2, 3, 40253
What are the prime factors of 416622?
2, 3, 23, 3019
What are the prime factors of 84807?
3, 349
What are the prime factors of 486336?
2, 3, 17, 149
List the prime factors of 21040602.
2, 3, 11, 29, 10993
List the prime factors of 779597.
7, 13, 659
What are the prime factors of 977716?
2, 244429
List the prime factors of 3332211.
3, 463, 2399
What are the prime factors of 1737943?
733, 2371
List the prime factors of 4171290.
2, 3, 5, 17, 8179
List the prime factors of 27516110.
2, 5, 2751611
List the prime factors of 1243801.
13, 241, 397
List the prime factors of 585345.
3, 5, 39023
What are the prime factors of 677402?
2, 11, 41, 751
List the prime factors of 323998.
2, 161999
What are the prime factors of 65569?
7, 17, 19, 29
What are the prime factors of 738800?
2, 5, 1847
What are the prime factors of 1298120?
2, 5, 17, 23, 83
What are the prime factors of 196730?
2, 5, 103, 191
List the prime factors of 6460933.
199, 32467
List the prime factors of 1908978.
2, 3, 37, 8599
List the prime factors of 2334.
2, 3, 389
List the prime factors of 681622.
2, 340811
What are the prime factors of 276984?
2, 3, 3847
List the prime factors of 1274775.
3, 5, 23, 739
What are the prime factors of 21495773?
13, 1653521
List the prime factors of 224549.
13, 23, 751
List the prime factors of 1614545.
5, 137, 2357
List the prime factors of 6965185.
5, 947, 1471
List the prime factors of 6058421.
6058421
What are the prime factors of 753135?
3, 5, 23, 37, 59
What are the prime factors of 12797694?
2, 3, 7, 13, 601
List the prime factors of 2195261.
17, 263, 491
List the prime factors of 468730.
2, 5, 19, 2467
What are the prime factors of 354809?
7, 13, 557
List the prime factors of 1430093.
7, 204299
List the prime factors of 3423484.
2, 191, 4481
List the prime factors of 769034.
2, 7, 163, 337
List the prime factors of 503318.
2, 359, 701
List the prime factors of 516431.
516431
List the prime factors of 628127.
628127
What are the prime factors of 2354639?
7, 263, 1279
What are the prime factors of 246747?
3, 233, 353
What are the prime factors of 747179?
281, 2659
What are the prime factors of 12489?
3, 23, 181
What are the prime factors of 1002284?
2, 127, 1973
What are the prime factors of 3019734?
2, 3, 55921
List the prime factors of 150765.
3, 5, 19, 23
List the prime factors of 4261840.
2, 5, 11, 29, 167
List the prime factors of 112004.
2, 28001
List the prime factors of 164772.
2, 3, 23, 199
What are the prime factors of 22780285?
5, 11, 239, 1733
List the prime factors of 3204.
2, 3, 89
What are the prime factors of 535497?
3, 103, 1733
List the prime factors of 14621081.
1297, 11273
List the prime factors of 375289.
29, 12941
List the prime factors of 1759561.
1759561
What are the prime factors of 10919941?
281, 38861
What are the prime factors of 1005841?
19, 167, 317
What are the prime factors of 15473592?
2, 3, 23879
What are the prime factors of 573348?
2, 3, 47779
What are the prime factors of 296946?
2, 3, 13, 47
What are the prime factors of 566858?
2, 23, 12323
What are the prime factors of 11519365?
5, 11, 13, 16111
What are the prime factors of 9716151?
3, 43, 109, 691
List the prime factors of 8018805.
3, 5, 283, 1889
What are the prime factors of 13711343?
41, 334423
What are the prime factors of 508242?
2, 3, 7, 12101
List the prime factors of 3838158.
2, 3, 17, 37, 113
List the prime factors of 135139.
67, 2017
List the prime factors of 3845058.
2, 3, 7, 83, 1103
List the prime factors of 3588800.
2, 5, 2243
What are the prime factors of 7319599?
7, 37, 59, 479
What are the prime factors of 275208?
2, 3, 11467
List the prime factors of 856513.
7, 37, 3307
What are the prime factors of 99865?
5, 19973
List the prime factors of 14540741.
37, 163, 2411
List the prime factors of 5178325.
5, 103, 2011
What are the prime factors of 17761486?
2, 8880743
What are the prime factors of 2519818?
2, 7, 19, 9473
List the prime factors of 859376.
2, 7, 7673
List the prime factors of 914452.
2, 7, 11, 2969
List the prime factors of 1124212.
2, 281053
What are the prime factors of 133840?
2, 5, 7, 239
List the prime factors of 6133687.
7, 251, 3491
What are the prime factors of 1045765?
5, 7, 29879
List the prime factors of 3580002.
2, 3, 59, 3371
List the prime factors of 69301.
37, 1873
What are the prime factors of 149367?
3, 49789
What are the prime factors of 101875?
5, 163
List the prime factors of 12226476.
2, 3, 1018873
List the prime factors of 632914.
2, 23, 13759
List the prime factors of 6344313.
3, 2114771
What are the prime factors of 968094?
2, 3, 53783
List the prime factors of 164852.
2,